. Suppose 4*a + 20 = 2*o + 2*o, 0 = u*o + 3*a - 25. What is v(o)?
1
Let x(d) = 1 + 9*d - d - 8*d - 2*d + 2*d**2. Let m(c) = c + 11. Let y be m(-5). Let l = 8 - y. Calculate x(l).
5
Let n = 20 + -21. Let m(h) = 2*h**2. Calculate m(n).
2
Let h = 14 - 15. Let d(k) = 5*k**2 + k. Let q(s) = 5*s**2 + s. Let j(c) = 6*d(c) - 7*q(c). What is j(h)?
-4
Let c(q) = q + 7. Let k be c(-5). Let f(j) = 2*j**3 - 3*j**2 + 2*j - 2. Let p(u) = u**3 - u**2 - u. Let m(n) = f(n) - p(n). Give m(k).
4
Let x(z) = -3*z + 22. Let p be x(6). Let h(u) = -u**3 + 9*u**2 + 5. Let c(d) = -d**3 + 10*d**2 + d + 5. Let m(a) = 4*c(a) - 5*h(a). Give m(p).
-5
Let g = -5 - -8. Suppose -2*v - 16 = -3*y + 2*y, 0 = -y - v + 4. Let x(s) = 3*s - y + 4*s - 2*s**2 + g. Give x(4).
-9
Let l(v) = v**2 + v. Let n(g) = -g**3 - 9*g**2 - g. Let y = -14 + 15. Let p(k) = y*n(k) + 6*l(k). Determine p(-4).
-4
Let y(s) = -1 - s**3 - 3*s - 2*s**2 + s + 4 - 1. Let u be y(-2). Let v(h) = h**3 - 5*h**2 - 6*h + 8. Calculate v(u).
8
Let a(o) = -51*o**2 + 1 + 50*o**2 - 2*o**3 - o - 2*o + 4*o. What is a(-1)?
1
Let h be 0 - 2 - (-18)/3. Suppose 3*o + 5*l = -14, h*o + l - 24 = 5*l. Let v(a) = -5 + 3 + a**2 + 2*a + a**3 - 3*a**2. Give v(o).
2
Let n(h) be the third derivative of h**4/12 + h**3/2 - 8*h**2. Calculate n(-2).
-1
Let a = -17 + 19. Let g(i) = a + i + 3 - 2 + 0. Determine g(-7).
-4
Let g(n) be the third derivative of -6*n**2 - 1/6*n**3 + 0 - 1/60*n**5 + 0*n + 1/6*n**4. What is g(5)?
-6
Let b(j) be the first derivative of -1/3*j**3 - 2 + 2*j - 3/2*j**2. Calculate b(-3).
2
Let d(n) = 2*n. Let i = -38 - -37. Determine d(i).
-2
Let i be 68/7 + 16/56. Suppose -4*m = -x + 28 - 9, -3*m + 5*x - i = 0. Let o(j) = -j**3 - 6*j**2 - 3*j + 5. Give o(m).
-5
Suppose -5*n - 5*j = -0*j, 5*n - j = 12. Let g(w) = -3*w - 2. What is g(n)?
-8
Let j(q) be the first derivative of q**3/3 + 2*q**2 + 2*q - 1. Suppose 13 = -2*r + 5, -5*r - 29 = -3*m. Suppose l + 2 = -m. Calculate j(l).
7
Let p(v) be the third derivative of 2*v**5/15 + v**4/12 + v**3/6 - 7*v**2. Determine p(-1).
7
Let a(d) = 2*d - 8 - 12*d + 8*d + d. Let m = 0 - 2. Let b = m + 2. Give a(b).
-8
Let s(y) = -6*y**2 + 4*y + 6. Let k(c) = c**3 - c**2 - 1. Let x(r) = -k(r) + s(r). Calculate x(-5).
-13
Let j be 3/(-2 + 5)*0. Suppose 2*r - 7*u = -4*u, -r + 5*u = j. Suppose 2*c = -r*c - 12. Let y(d) = 2*d + 9. Give y(c).
-3
Let b(p) be the first derivative of -2*p**3/3 + p**2/2 + 10. What is b(-2)?
-10
Suppose 4*a - v = -15, 2*v - v = 3*a + 10. Let b(u) be the second derivative of -3/2*u**2 + 0 + 1/12*u**4 - 3*u + 1/2*u**3. What is b(a)?
7
Let u(c) = c**2 - c. Let k(l) = -3*l**2 + 6*l - 1. Let b(r) = -k(r) - 5*u(r). Determine b(-3).
-14
Let p(b) = -b + 3. Let j = -4 + 7. Suppose 2*o - 8 = 4*r, j*o - 4 = -2*r - 0*o. Let h be r*2/6*0. Give p(h).
3
Let u(o) = -10*o**3 + 9*o**2 + 9*o + 3. Let w(f) = -7*f**3 + 6*f**2 + 6*f + 2. Let q(y) = -5*u(y) + 7*w(y). Let r = 10 - 7. Calculate q(r).
-10
Let s = 68 + -66. Let f(c) = -c**3 - 4*c**2 - c. Let n(x) = -3*x**3 - 9*x**2 - 2*x - 1. Let u(j) = 5*f(j) - 2*n(j). What is u(s)?
0
Let w(g) = -3*g**2 + 7*g + 4. Let l(d) = -16*d**2 + 37*d + 20. Let p(h) = 2*l(h) - 11*w(h). Give p(5).
6
Let b be 2/3 + (-2)/(-6). Let t = b - -2. Let w(k) be the first derivative of k**2/2 - 4*k - 22. Calculate w(t).
-1
Suppose p + p + 8 = -2*h, p - 26 = 5*h. Let s = -3 - h. Let w(f) = -f**2 + f + 2. Give w(s).
0
Let o(p) = p**2 + 7*p + 1. Let x be o(-7). Let f(t) = 4*t**3 + 2*t**2 - t. Calculate f(x).
5
Let s(g) = g**2 + 5*g - 1. Let d be 1 + (-5)/(5/7). Determine s(d).
5
Suppose -10*s + 8 = -6*s. Let o(u) = -4*u**2 + 3*u**s + 6*u - 9 + 3. Suppose p - 5*c = -10*c + 15, 10 = 4*p - 5*c. What is o(p)?
-1
Suppose -4*w + 3*w = -1. Suppose 2*n - 4 = -0. Let v(s) = -2*s**3 + 3*s**3 - w + 4*s - 4*s**2 - n. Calculate v(2).
-3
Let n(q) = q**3 + q**2 + q + 9. Let o(h) = -h**3 - 10*h**2. Suppose 4*r + 5*a = -55, -4*r - 9 - 43 = 4*a. Let p be o(r). Calculate n(p).
9
Suppose -35 = 5*c + 5*z, -c + 29 = -4*c - 5*z. Let m be 0/(3*(-1)/c). Let w(l) = -9*l**2 + 2 + m - 1. Determine w(-1).
-8
Let p = -16 - -23. Let g be (p - 3)*-1 + 1. Let k(u) = -u**2 - 7*u - 2. What is k(g)?
10
Let v(b) = 2*b - 2*b**2 + 4*b**2 + b**3 - 2 - 2*b**3. Let j be v(3). Let r(k) = k**3 + 4*k**2 - 4*k + 6. Give r(j).
1
Let a(y) be the third derivative of -y**7/840 - y**6/72 - y**4/6 - 2*y**3/3 + 4*y**2. Let b(g) be the first derivative of a(g). Determine b(-5).
-4
Let h(t) = t + 3. Let s be h(-2). Let v(j) = j**2 + j - 1. What is v(s)?
1
Let j(o) = -4*o**2 - o + 4. Let y(g) = g**3 + 9*g**2 + 2*g - 9. Let z(w) = -5*j(w) - 2*y(w). Let p be 2*2/4*4. Let d be p/6*(2 + 1). What is z(d)?
-8
Suppose -2*k - 2 = -5*s - 11, 4*s - 3*k + 10 = 0. Let x(n) = -8*n**3 - n - 1. What is x(s)?
8
Let c be (0/(-2))/(-1 + -1). Let b(z) = -6*z**3 + 6*z**2 - 4*z + 2. Let j(f) = 5*f**3 - 5*f**2 + 3*f - 2. Let k(v) = 4*b(v) + 5*j(v). Determine k(c).
-2
Let w(c) = -2*c + 7. Let b = 5 - 23. Let m be 16/(-12)*b/4. Let f be w(m). Let k(a) = a**3 + 5*a**2. What is k(f)?
0
Let h be (-10)/(-2)*(-96)/(-80). Let b(y) = y**3 - 5*y**2 - 5*y + 2. Give b(h).
8
Let m(g) = -g**2 - 2*g + 3. Let r be m(2). Let y(l) = -l + 17 - 17. Determine y(r).
5
Let a = 9 + -3. Let m(v) = -v**2 + 6*v + 1. Give m(a).
1
Let v(p) = -p**2 - p - 2. Let y(m) = m**3 - 22*m**2 - 23*m - 3. Let n be y(23). Give v(n).
-8
Suppose -1 = 5*t - 0*q - 3*q, -4*t + 2*q = 0. Let d(m) = 24 + m - 24. Calculate d(t).
1
Let a(g) = 4 - 2*g + 2 + 3*g + g**2 - g**3. Let q be 4/(-18) + (-75)/27. Let z = -3 - q. Calculate a(z).
6
Let i(y) be the second derivative of y**3/3 - y**2/2 - 2*y. Let n(q) = q**3 + 9*q**2 + 7*q - 9. Let c be n(-8). Determine i(c).
-3
Let y(j) = -11*j - 11. Let x(b) = -5*b - 5. Let n(k) = 13*x(k) - 6*y(k). Give n(7).
8
Let a(m) = m**3 - 6*m**2 + 4*m + 2. Let o be a(5). Let x(i) = -i**3 - 4*i**2 - 3*i + 3. Calculate x(o).
3
Let d(c) = c**2 + c - 1. Let j(l) = 4*l + l**2 - l**2 - l**2 + 5 + 0*l. Let a(n) = 2*d(n) + j(n). Determine a(-4).
-5
Let y(f) = 3*f**2 + 7*f - 15. Let p(k) = k**2 + 2*k - 5. Let g(q) = -11*p(q) + 4*y(q). Suppose -8 - 9 = 4*v + 3*z, -5*z = 2*v + 5. Give g(v).
-10
Suppose 4*q - 1 = -2*p + 9, 0 = -3*q - 2*p + 10. Suppose 3*k + 7 + 5 = -4*u, 2*k = 2*u - 8. Let y(f) = -4*f - 2 + u + 0 + 3*f. Calculate y(q).
-2
Let q(n) be the second derivative of -n**3/6 - 17*n**2/2 + 51*n. What is q(-14)?
-3
Let r(h) be the third derivative of -h**3/6 + 4*h**2. Let z(i) = i + 3. Let l(a) = 5*r(a) + z(a). What is l(-3)?
-5
Let q(p) = -p**3 + 4*p**2 + 5*p - 5. Let o = 7 + -6. Let n = 4 + o. Determine q(n).
-5
Suppose -5*a - 2*n + 15 = 0, -6*a + 2*a = 5*n + 5. Suppose 4 = w - 0. Let g(i) = 6*i - 1 + 4*i**2 - 2 - 3 - 5*i**3 + w*i**3. What is g(a)?
-1
Let m(q) = 2*q**2 - 3*q - 3. Let x(g) = -g**3 + 10*g**2 - 9*g + 3. Let t be x(9). Determine m(t).
6
Suppose -c + 0*c - 7 = 5*h, -c + 5*h + 13 = 0. Let x(l) = l**2 - 2*l + 3. Determine x(c).
6
Let i be (-2)/4 + (-10)/(-4). Suppose -4*x = -4*k - 0*x + 24, 3*x + 10 = -k. Let a(o) = o + i*o - 4*o - k*o. What is a(-2)?
6
Let n(k) = k + 5. Let c(r) = -r**2 - 4*r + 2. Let i be c(-4). Suppose 5*a + m - 3 = 37, -2*m = -i*a + 16. Let p be (-1 - 2)*a/6. Determine n(p).
1
Let z(l) = -l**2 - l - 1. Let a(p) = -7*p**2 - 4*p - 8. Let q = 20 + -14. Suppose 5*c + 8 = -3*o, -2*o + 7 = -4*c - 5*o. Let d(k) = c*a(k) + q*z(k). Give d(3).
5
Suppose -25*s - 12 = -29*s. Let r(a) = -a - 2. Give r(s).
-5
Let r(s) = -s. Let u(j) = 5*j + 3. Let o(k) = 6*r(k) + u(k). Give o(0).
3
Suppose -20 = -7*i + 3*i. Let b be i/10 + 10/4. Let r(z) = z**3 - 3*z**2 + 4*z - 3. Calculate r(b).
9
Let q be 1/((0 - -1)/2). Let m(w) = q*w**2 + 4*w**3 - 4*w + 2*w - 2*w**3. Give m(-2).
-4
Suppose -2*k - k + 9 = 0. Let n(u) be the third derivative of -1/3*u**k + 0*u - 2*u**2 - 1/24*u**4 + 0. Give n(-3).
1
Let a(c) = 1 + c + 3*c**2 + c**3 - 1 + 0*c**3. Determine a(-3).
-3
Let l = -5 - -7. Let w be l/(2 + -2 - -2). Let f(a) be the second derivative of -a**5/4 + a**4/12 + a**3/6 - a**2/2 - a. What is f(w)?
-4
Suppose 0*a + 5*a + 50 = 0. Let q be ((-4)/a)/(4/(-20)). Let h(w) be the second derivative of w**3/6 + w**2 - 4*w. Give h(q).
0
Let g(m) = -5*m**2 - m**3 + 5 + m**2 - 2*m + 1 + 8*m**2. Calculate g(4).
-2
Let i(o) be the first derivative of o**4/4 - 8*o**3/3 + 2*o + 4. 